{"id":9,"date":"2005-04-12T21:05:15","date_gmt":"2005-04-12T19:05:15","guid":{"rendered":"http:\/\/www.schuetzengesellschaft-lichtringhausen.de\/html\/?page_id=9"},"modified":"2018-06-26T19:03:31","modified_gmt":"2018-06-26T17:03:31","slug":"die-jungschutzenkonige","status":"publish","type":"page","link":"https:\/\/www.schuetzengesellschaft-lichtringhausen.de\/html\/uber-die-schutzengesellschaft\/2-abteilungen\/die-jungschutzenkonige\/","title":{"rendered":"&#8211; Jungsch\u00fctzenk\u00f6nige"},"content":{"rendered":"<p>Jungsch\u00fctzenk\u00f6nige der St.-Jakobus-Sch\u00fctzengesellschaft Lichtringhausen<br \/>\nWenn ein <img loading=\"lazy\" decoding=\"async\" src=\"http:\/\/www.schuetzengesellschaft-lichtringhausen.de\/html\/wp-content\/photo.gif\" alt=\"\" width=\"12\" height=\"11\" border=\"0\"\/> hinter dem Namen steht, ist ein Foto hinterlegt. Einfach dann auf den Namen klicken und es \u00f6ffnet sich ein neues Fenster mit dem Foto.<\/p>\n<p title=\"\"><strong><br \/>\n1987 <\/strong>&#8211; Thomas Braunschneider<br \/>\n<strong>1988 <\/strong>&#8211; Thorsten Springob <strong><br \/>\n1989 <\/strong>&#8211; Markus Gerhards <strong><br \/>\n1990 <\/strong>&#8211; Olaf Looks <strong><br \/>\n1991 <\/strong>&#8211; Michael Eckert <strong><br \/>\n1992 <\/strong>&#8211; Stefan Hagen <strong><br \/>\n1993 <\/strong>&#8211; <a href=\"http:\/\/www.schuetzengesellschaft-lichtringhausen.de\/html\/wp-content\/uploads\/2007\/06\/raphael_cramer.jpg\" target=\"_blank\" rel=\"noopener\">Raphael Cramer <\/a><a href=\"http:\/\/www.schuetzengesellschaft-lichtringhausen.de\/html\/wp-content\/uploads\/2007\/06\/raphael_cramer.jpg\" target=\"_blank\" rel=\"noopener\"><img loading=\"lazy\" decoding=\"async\" title=\"photo.gif\" src=\"http:\/\/www.schuetzengesellschaft-lichtringhausen.de\/html\/wp-content\/images\/photo.gif\" alt=\"photo.gif\" width=\"12\" height=\"11\" border=\"0\" hspace=\"5\" vspace=\"0\"\/><\/a><strong><br \/>\n1994 <\/strong>&#8211; <a href=\"http:\/\/www.schuetzengesellschaft-lichtringhausen.de\/html\/wp-content\/images\/andre_rauterkus.jpg\" target=\"_blank\" rel=\"noopener\">Andre Rauterkus<img loading=\"lazy\" decoding=\"async\" title=\"photo.gif\" src=\"http:\/\/www.schuetzengesellschaft-lichtringhausen.de\/html\/wp-content\/images\/photo.gif\" alt=\"photo.gif\" width=\"12\" height=\"11\" border=\"0\" hspace=\"5\" vspace=\"0\"\/><\/a><strong><br \/>\n1995 <\/strong>&#8211; Markus Kirsch <strong><br \/>\n1996 <\/strong>&#8211; Marco Florath <strong><br \/>\n1997 <\/strong>&#8211; Daniel Kramer <strong><br \/>\n1998 <\/strong>&#8211; <a title=\"\" href=\"http:\/\/www.schuetzengesellschaft-lichtringhausen.de\/html\/wp-content\/sascha_rauterkus.jpg\" target=\"_blank\" rel=\"noopener\">Sascha Rauterkus <\/a><a href=\"http:\/\/www.schuetzengesellschaft-lichtringhausen.de\/html\/wp-content\/sascha_rauterkus.jpg\" target=\"_blank\" rel=\"noopener\"><img decoding=\"async\" src=\"http:\/\/www.schuetzengesellschaft-lichtringhausen.de\/html\/wp-content\/photo.gif\" alt=\"Foto\" border=\"0\"\/><\/a> <strong><br \/>\n1999 <\/strong>&#8211; Bj\u00f6rn Nixdorf <strong><br \/>\n2000 <\/strong>&#8211; Christian Kramer <strong><br \/>\n2001 <\/strong>&#8211; Thomas Kramer <strong><br \/>\n2002 <\/strong>&#8211; J\u00f6rn H\u00fcbler <strong><br \/>\n2003 <\/strong>&#8211; Manuel Braunscheider <strong><br \/>\n2004 <\/strong>&#8211; <a title=\"\" href=\"http:\/\/www.schuetzengesellschaft-lichtringhausen.de\/html\/wp-content\/carsten_schmidt.jpg\" target=\"_blank\" rel=\"noopener\">Carsten Schmidt <\/a> <a href=\"http:\/\/www.schuetzengesellschaft-lichtringhausen.de\/html\/wp-content\/carsten_schmidt.jpg\" target=\"_blank\" rel=\"noopener\"><img decoding=\"async\" src=\"http:\/\/www.schuetzengesellschaft-lichtringhausen.de\/html\/wp-content\/photo.gif\" alt=\"Foto\" border=\"0\"\/><\/a> <strong><br \/>\n2005 <\/strong>&#8211; <a href=\"http:\/\/www.schuetzengesellschaft-lichtringhausen.de\/html\/wp-content\/sebastian_luebke.jpg\" target=\"_blank\" rel=\"noopener\">Sebastian L\u00fcbke <\/a> <a href=\"http:\/\/www.schuetzengesellschaft-lichtringhausen.de\/html\/wp-content\/sebastian_luebke.jpg\" target=\"_blank\" rel=\"noopener\"><img decoding=\"async\" src=\"http:\/\/www.schuetzengesellschaft-lichtringhausen.de\/html\/wp-content\/photo.gif\" alt=\"Foto\" border=\"0\"\/><\/a><br \/>\n<strong>2006 <\/strong>&#8211; <a title=\"\" href=\"http:\/\/www.schuetzengesellschaft-lichtringhausen.de\/html\/wp-content\/images\/patrick_florath.jpg\" target=\"_blank\" rel=\"noopener\">Patrick Florath <img decoding=\"async\" src=\"http:\/\/www.schuetzengesellschaft-lichtringhausen.de\/html\/wp-content\/photo.gif\" alt=\"Foto\" border=\"0\"\/><br \/>\n<\/a><strong>2007 <\/strong>&#8211;<a href=\"http:\/\/www.schuetzengesellschaft-lichtringhausen.de\/html\/wp-content\/uploads\/IMG_5049.jpg\" target=\"_blank\" rel=\"noopener\"> Andre Springob<\/a> <a title=\"zu dem Bild\" href=\"http:\/\/www.schuetzengesellschaft-lichtringhausen.de\/html\/wp-content\/uploads\/IMG_5049.jpg\" target=\"_blank\" rel=\"noopener\"><img decoding=\"async\" src=\"http:\/\/www.schuetzengesellschaft-lichtringhausen.de\/html\/wp-content\/photo.gif\" alt=\"Foto\" border=\"0\"\/><\/a><a title=\"zu dem Bild\" href=\"http:\/\/www.schuetzengesellschaft-lichtringhausen.de\/html\/wp-content\/images\/patrick_florath.jpg\" target=\"_blank\" rel=\"noopener\"><br \/>\n<\/a><strong>2008 <\/strong>&#8211; <a title=\"\" href=\"http:\/\/www.schuetzengesellschaft-lichtringhausen.de\/html\/wp-content\/uploads\/regenten_2008.jpg\">Robin Wessels<\/a><a href=\"http:\/\/www.schuetzengesellschaft-lichtringhausen.de\/html\/wp-content\/uploads\/regenten_2008.jpg\"> <img decoding=\"async\" src=\"http:\/\/www.schuetzengesellschaft-lichtringhausen.de\/html\/wp-content\/photo.gif\" alt=\"\"\/><br \/>\n<\/a><strong>2009<\/strong> &#8211;<a href=\"http:\/\/www.schuetzengesellschaft-lichtringhausen.de\/html\/wp-content\/uploads\/kevin-stracke-2009.jpg\" target=\"_blank\" rel=\"noopener\"> Kevin Stracke <img decoding=\"async\" src=\"http:\/\/www.schuetzengesellschaft-lichtringhausen.de\/html\/wp-content\/photo.gif\" alt=\"\"\/><br \/>\n<\/a><strong>2010<\/strong> &#8211;&nbsp;<a title=\"\" href=\"http:\/\/www.schuetzengesellschaft-lichtringhausen.de\/html\/wp-content\/uploads\/benedikt_kramer_2010.jpg\" target=\"_blank\" rel=\"noopener\">Benedikt Kramer <img decoding=\"async\" src=\"http:\/\/www.schuetzengesellschaft-lichtringhausen.de\/html\/wp-content\/photo.gif\" alt=\"\"\/><br \/>\n<\/a><strong>2011<\/strong> &#8211;&nbsp;<a href=\"http:\/\/www.schuetzengesellschaft-lichtringhausen.de\/html\/wp-content\/gallery\/schuetzenfest_2011\/P1280090.JPG\" target=\"_blank\" rel=\"noopener\">Tobit Reitstetter&nbsp;<img decoding=\"async\" src=\"http:\/\/www.schuetzengesellschaft-lichtringhausen.de\/html\/wp-content\/photo.gif\" alt=\"\"\/><br \/>\n<\/a><strong>2012<\/strong> &#8211; <a href=\"http:\/\/www.schuetzengesellschaft-lichtringhausen.de\/html\/wp-content\/gallery\/schuetzenfest_2012\/P1330951.JPG\" target=\"_blank\" rel=\"noopener\">Alexander Cramer&nbsp;<img decoding=\"async\" src=\"http:\/\/www.schuetzengesellschaft-lichtringhausen.de\/html\/wp-content\/photo.gif\" alt=\"\"\/><br \/>\n<\/a><strong>2013<\/strong> &#8211; Patrick Kramer<br \/>\n<strong>2014<\/strong> &#8211; <a title=\"\" href=\"http:\/\/www.schuetzengesellschaft-lichtringhausen.de\/html\/wp-content\/uploads\/2014_Sebastian_Luebke.jpg\" target=\"_blank\" rel=\"noopener\">Dominik Boos<\/a>&nbsp;<a href=\"http:\/\/www.schuetzengesellschaft-lichtringhausen.de\/html\/wp-content\/uploads\/2014_Sebastian_Luebke.jpg\" target=\"_blank\" rel=\"noopener\"><img decoding=\"async\" src=\"http:\/\/www.schuetzengesellschaft-lichtringhausen.de\/html\/wp-content\/photo.gif\" alt=\"\"\/><br \/>\n<\/a><strong>2015 &#8211;<\/strong> Jannik L\u00fcbke<br \/>\n<strong>2016 &#8211;<\/strong> <a title=\"\" href=\"http:\/\/www.schuetzengesellschaft-lichtringhausen.de\/html\/wp-content\/uploads\/2016-Marvin-Bender.jpg\" target=\"_blank\" rel=\"noopener\">Marvin Bender<\/a>&nbsp;<a title=\"\" href=\"http:\/\/www.schuetzengesellschaft-lichtringhausen.de\/html\/wp-content\/uploads\/2016-Marvin-Bender.jpg\" target=\"_blank\" rel=\"noopener\"><img decoding=\"async\" title=\"\" src=\"http:\/\/www.schuetzengesellschaft-lichtringhausen.de\/html\/wp-content\/photo.gif\" alt=\"\"\/><\/a><br \/>\n<strong>2017<\/strong> &#8211; <a title=\"\" href=\"https:\/\/www.schuetzengesellschaft-lichtringhausen.de\/html\/wp-content\/uploads\/P1510719.jpg\">Jan Philip Cramer<\/a>&nbsp;<a title=\"\" href=\"https:\/\/www.schuetzengesellschaft-lichtringhausen.de\/html\/wp-content\/uploads\/P1510719.jpg\" target=\"_blank\" rel=\"noopener\"><img decoding=\"async\" title=\"\" src=\"http:\/\/www.schuetzengesellschaft-lichtringhausen.de\/html\/wp-content\/photo.gif\" alt=\"\"\/><\/a><br \/>\n<strong>2018<\/strong> &#8211; <a title=\"\" href=\"https:\/\/www.schuetzengesellschaft-lichtringhausen.de\/html\/wp-content\/uploads\/P1540525.jpg\">Marco Eckert&nbsp;<\/a><a title=\"\" href=\"https:\/\/www.schuetzengesellschaft-lichtringhausen.de\/html\/wp-content\/uploads\/P1540525.jpg\" target=\"_blank\" rel=\"noopener\"><img decoding=\"async\" title=\"\" src=\"http:\/\/www.schuetzengesellschaft-lichtringhausen.de\/html\/wp-content\/photo.gif\" alt=\"\"\/><\/a><\/p>\n<hr \/>\n<p>Wer noch Bilder zu den einzelnen K\u00f6nigen hat, bitte ich um Zusendung per <a href=\"mailto:webmaster@schuetzengesellschaft-lichtringhausen.de\">Mail.<\/a> Wenn ein Foto nicht in digitaler Weise vorliegt, der kann mir den Abzug auch vorbei bringen. Ich werde das dann einscannen und nat\u00fcrlich dem Besitzer wieder zur\u00fcckgeben. Vielen Dank. Olaf Knoth<\/p>\n","protected":false},"excerpt":{"rendered":"<p>Jungsch\u00fctzenk\u00f6nige der St.-Jakobus-Sch\u00fctzengesellschaft Lichtringhausen Wenn ein hinter dem Namen steht, ist ein Foto hinterlegt. Einfach dann auf den Namen klicken und es \u00f6ffnet sich ein neues Fenster mit dem Foto. [&hellip;]<\/p>\n","protected":false},"author":1,"featured_media":0,"parent":30,"menu_order":4,"comment_status":"closed","ping_status":"closed","template":"","meta":{"ngg_post_thumbnail":0,"footnotes":""},"_links":{"self":[{"href":"https:\/\/www.schuetzengesellschaft-lichtringhausen.de\/html\/wp-json\/wp\/v2\/pages\/9"}],"collection":[{"href":"https:\/\/www.schuetzengesellschaft-lichtringhausen.de\/html\/wp-json\/wp\/v2\/pages"}],"about":[{"href":"https:\/\/www.schuetzengesellschaft-lichtringhausen.de\/html\/wp-json\/wp\/v2\/types\/page"}],"author":[{"embeddable":true,"href":"https:\/\/www.schuetzengesellschaft-lichtringhausen.de\/html\/wp-json\/wp\/v2\/users\/1"}],"replies":[{"embeddable":true,"href":"https:\/\/www.schuetzengesellschaft-lichtringhausen.de\/html\/wp-json\/wp\/v2\/comments?post=9"}],"version-history":[{"count":14,"href":"https:\/\/www.schuetzengesellschaft-lichtringhausen.de\/html\/wp-json\/wp\/v2\/pages\/9\/revisions"}],"predecessor-version":[{"id":3987,"href":"https:\/\/www.schuetzengesellschaft-lichtringhausen.de\/html\/wp-json\/wp\/v2\/pages\/9\/revisions\/3987"}],"up":[{"embeddable":true,"href":"https:\/\/www.schuetzengesellschaft-lichtringhausen.de\/html\/wp-json\/wp\/v2\/pages\/30"}],"wp:attachment":[{"href":"https:\/\/www.schuetzengesellschaft-lichtringhausen.de\/html\/wp-json\/wp\/v2\/media?parent=9"}],"curies":[{"name":"wp","href":"https:\/\/api.w.org\/{rel}","templated":true}]}}