{"id":3701,"date":"2017-11-01T16:36:24","date_gmt":"2017-11-01T14:36:24","guid":{"rendered":"http:\/\/www.schuetzengesellschaft-lichtringhausen.de\/html\/?page_id=3701"},"modified":"2026-01-19T22:14:27","modified_gmt":"2026-01-19T20:14:27","slug":"fahne","status":"publish","type":"page","link":"https:\/\/www.schuetzengesellschaft-lichtringhausen.de\/html\/uber-die-schutzengesellschaft\/2-abteilungen\/fahne\/","title":{"rendered":"&#8211; Fahne"},"content":{"rendered":"<p>Fahne<\/p>\n<p>Hier w\u00e4hrend des Sch\u00fctzenfest 2025<\/p>\n<p>Von links nach rechts:<\/p>\n<p>F\u00e4hnrich P. Florath; Fahnenoffizier M. Florath; F\u00e4hnrich A.D. G. Florath; Offizier A. Rauterkus<\/p>\n<p><a href=\"https:\/\/www.schuetzengesellschaft-lichtringhausen.de\/html\/wp-content\/uploads\/IMG_7545.jpg\"><img loading=\"lazy\" decoding=\"async\" class=\"alignnone size-full wp-image-4585\" src=\"https:\/\/www.schuetzengesellschaft-lichtringhausen.de\/html\/wp-content\/uploads\/IMG_7545.jpg\" alt=\"\" width=\"1600\" height=\"1200\" srcset=\"https:\/\/www.schuetzengesellschaft-lichtringhausen.de\/html\/wp-content\/uploads\/IMG_7545.jpg 1600w, https:\/\/www.schuetzengesellschaft-lichtringhausen.de\/html\/wp-content\/uploads\/IMG_7545-300x225.jpg 300w, https:\/\/www.schuetzengesellschaft-lichtringhausen.de\/html\/wp-content\/uploads\/IMG_7545-1024x768.jpg 1024w, https:\/\/www.schuetzengesellschaft-lichtringhausen.de\/html\/wp-content\/uploads\/IMG_7545-768x576.jpg 768w, https:\/\/www.schuetzengesellschaft-lichtringhausen.de\/html\/wp-content\/uploads\/IMG_7545-1536x1152.jpg 1536w\" sizes=\"(max-width: 1600px) 100vw, 1600px\" \/><\/a><\/p>\n<p>Hier beim Sch\u00fctzenumzug 2019 mit F\u00e4hnrich Gilbert Florath (AD)<\/p>\n<p>Von links nach rechts:<\/p>\n<p>Marco Flortah, Gilbert Florath, Andre Rauterkus<\/p>\n<p><a href=\"https:\/\/www.schuetzengesellschaft-lichtringhausen.de\/html\/wp-content\/uploads\/Schu\u0308tzenumzug-Lichtringhausen-Mai-2019-18-1.jpg\"><img loading=\"lazy\" decoding=\"async\" class=\"alignnone size-medium wp-image-4253\" src=\"https:\/\/www.schuetzengesellschaft-lichtringhausen.de\/html\/wp-content\/uploads\/Schu\u0308tzenumzug-Lichtringhausen-Mai-2019-18-1-300x200.jpg\" alt=\"\" width=\"300\" height=\"200\" srcset=\"https:\/\/www.schuetzengesellschaft-lichtringhausen.de\/html\/wp-content\/uploads\/Schu\u0308tzenumzug-Lichtringhausen-Mai-2019-18-1-300x200.jpg 300w, https:\/\/www.schuetzengesellschaft-lichtringhausen.de\/html\/wp-content\/uploads\/Schu\u0308tzenumzug-Lichtringhausen-Mai-2019-18-1-768x513.jpg 768w, https:\/\/www.schuetzengesellschaft-lichtringhausen.de\/html\/wp-content\/uploads\/Schu\u0308tzenumzug-Lichtringhausen-Mai-2019-18-1.jpg 800w\" sizes=\"(max-width: 300px) 100vw, 300px\" \/><\/a><\/p>\n<p>Hier mit F\u00e4hnrich Carsten Schmidt<\/p>\n<p><a href=\"https:\/\/www.schuetzengesellschaft-lichtringhausen.de\/html\/wp-content\/uploads\/Fahne-2019.jpg\"><img loading=\"lazy\" decoding=\"async\" class=\"alignnone size-medium wp-image-4337\" src=\"https:\/\/www.schuetzengesellschaft-lichtringhausen.de\/html\/wp-content\/uploads\/Fahne-2019-300x225.jpg\" alt=\"\" width=\"300\" height=\"225\" srcset=\"https:\/\/www.schuetzengesellschaft-lichtringhausen.de\/html\/wp-content\/uploads\/Fahne-2019-300x225.jpg 300w, https:\/\/www.schuetzengesellschaft-lichtringhausen.de\/html\/wp-content\/uploads\/Fahne-2019-768x576.jpg 768w, https:\/\/www.schuetzengesellschaft-lichtringhausen.de\/html\/wp-content\/uploads\/Fahne-2019-1024x768.jpg 1024w, https:\/\/www.schuetzengesellschaft-lichtringhausen.de\/html\/wp-content\/uploads\/Fahne-2019.jpg 1280w\" sizes=\"(max-width: 300px) 100vw, 300px\" \/><\/a><\/p>\n","protected":false},"excerpt":{"rendered":"<p>Fahne Hier w\u00e4hrend des Sch\u00fctzenfest 2025 Von links nach rechts: F\u00e4hnrich P. Florath; Fahnenoffizier M. Florath; F\u00e4hnrich A.D. G. Florath; Offizier A. Rauterkus Hier beim Sch\u00fctzenumzug 2019 mit F\u00e4hnrich Gilbert [&hellip;]<\/p>\n","protected":false},"author":1,"featured_media":0,"parent":30,"menu_order":0,"comment_status":"closed","ping_status":"closed","template":"","meta":{"ngg_post_thumbnail":0,"footnotes":""},"_links":{"self":[{"href":"https:\/\/www.schuetzengesellschaft-lichtringhausen.de\/html\/wp-json\/wp\/v2\/pages\/3701"}],"collection":[{"href":"https:\/\/www.schuetzengesellschaft-lichtringhausen.de\/html\/wp-json\/wp\/v2\/pages"}],"about":[{"href":"https:\/\/www.schuetzengesellschaft-lichtringhausen.de\/html\/wp-json\/wp\/v2\/types\/page"}],"author":[{"embeddable":true,"href":"https:\/\/www.schuetzengesellschaft-lichtringhausen.de\/html\/wp-json\/wp\/v2\/users\/1"}],"replies":[{"embeddable":true,"href":"https:\/\/www.schuetzengesellschaft-lichtringhausen.de\/html\/wp-json\/wp\/v2\/comments?post=3701"}],"version-history":[{"count":8,"href":"https:\/\/www.schuetzengesellschaft-lichtringhausen.de\/html\/wp-json\/wp\/v2\/pages\/3701\/revisions"}],"predecessor-version":[{"id":4586,"href":"https:\/\/www.schuetzengesellschaft-lichtringhausen.de\/html\/wp-json\/wp\/v2\/pages\/3701\/revisions\/4586"}],"up":[{"embeddable":true,"href":"https:\/\/www.schuetzengesellschaft-lichtringhausen.de\/html\/wp-json\/wp\/v2\/pages\/30"}],"wp:attachment":[{"href":"https:\/\/www.schuetzengesellschaft-lichtringhausen.de\/html\/wp-json\/wp\/v2\/media?parent=3701"}],"curies":[{"name":"wp","href":"https:\/\/api.w.org\/{rel}","templated":true}]}}

<p>Fahne</p>
<p>Hier während des Schützenfest 2025</p>
<p>Von links nach rechts:</p>
<p>Fähnrich P. Florath; Fahnenoffizier M. Florath; Fähnrich A.D. G. Florath; Offizier A. Rauterkus</p>
<p><a href="https://www.schuetzengesellschaft-lichtringhausen.de/html/wp-content/uploads/IMG_7545.jpg"><img loading="lazy" decoding="async" class="alignnone size-full wp-image-4585" src="https://www.schuetzengesellschaft-lichtringhausen.de/html/wp-content/uploads/IMG_7545.jpg" alt="" width="1600" height="1200" srcset="https://www.schuetzengesellschaft-lichtringhausen.de/html/wp-content/uploads/IMG_7545.jpg 1600w, https://www.schuetzengesellschaft-lichtringhausen.de/html/wp-content/uploads/IMG_7545-300x225.jpg 300w, https://www.schuetzengesellschaft-lichtringhausen.de/html/wp-content/uploads/IMG_7545-1024x768.jpg 1024w, https://www.schuetzengesellschaft-lichtringhausen.de/html/wp-content/uploads/IMG_7545-768x576.jpg 768w, https://www.schuetzengesellschaft-lichtringhausen.de/html/wp-content/uploads/IMG_7545-1536x1152.jpg 1536w" sizes="(max-width: 1600px) 100vw, 1600px" /></a></p>
<p>Hier beim Schützenumzug 2019 mit Fähnrich Gilbert Florath (AD)</p>
<p>Von links nach rechts:</p>
<p>Marco Flortah, Gilbert Florath, Andre Rauterkus</p>
<p><a href="https://www.schuetzengesellschaft-lichtringhausen.de/html/wp-content/uploads/Schützenumzug-Lichtringhausen-Mai-2019-18-1.jpg"><img loading="lazy" decoding="async" class="alignnone size-medium wp-image-4253" src="https://www.schuetzengesellschaft-lichtringhausen.de/html/wp-content/uploads/Schützenumzug-Lichtringhausen-Mai-2019-18-1-300x200.jpg" alt="" width="300" height="200" srcset="https://www.schuetzengesellschaft-lichtringhausen.de/html/wp-content/uploads/Schützenumzug-Lichtringhausen-Mai-2019-18-1-300x200.jpg 300w, https://www.schuetzengesellschaft-lichtringhausen.de/html/wp-content/uploads/Schützenumzug-Lichtringhausen-Mai-2019-18-1-768x513.jpg 768w, https://www.schuetzengesellschaft-lichtringhausen.de/html/wp-content/uploads/Schützenumzug-Lichtringhausen-Mai-2019-18-1.jpg 800w" sizes="(max-width: 300px) 100vw, 300px" /></a></p>
<p>Hier mit Fähnrich Carsten Schmidt</p>
<p><a href="https://www.schuetzengesellschaft-lichtringhausen.de/html/wp-content/uploads/Fahne-2019.jpg"><img loading="lazy" decoding="async" class="alignnone size-medium wp-image-4337" src="https://www.schuetzengesellschaft-lichtringhausen.de/html/wp-content/uploads/Fahne-2019-300x225.jpg" alt="" width="300" height="225" srcset="https://www.schuetzengesellschaft-lichtringhausen.de/html/wp-content/uploads/Fahne-2019-300x225.jpg 300w, https://www.schuetzengesellschaft-lichtringhausen.de/html/wp-content/uploads/Fahne-2019-768x576.jpg 768w, https://www.schuetzengesellschaft-lichtringhausen.de/html/wp-content/uploads/Fahne-2019-1024x768.jpg 1024w, https://www.schuetzengesellschaft-lichtringhausen.de/html/wp-content/uploads/Fahne-2019.jpg 1280w" sizes="(max-width: 300px) 100vw, 300px" /></a></p>

<p>Fahne Hier während des Schützenfest 2025 Von links nach rechts: Fähnrich P. Florath; Fahnenoffizier M. Florath; Fähnrich A.D. G. Florath; Offizier A. Rauterkus Hier beim Schützenumzug 2019 mit Fähnrich Gilbert [&hellip;]</p>
